f 171 and 76.
19
What is the greatest common divisor of 8 and 488?
8
What is the highest common factor of 97 and 12416?
97
Calculate the greatest common divisor of 224 and 42.
14
What is the highest common factor of 810 and 10?
10
What is the highest common factor of 44 and 11?
11
What is the greatest common divisor of 285 and 15?
15
Calculate the highest common factor of 264 and 96.
24
Calculate the highest common divisor of 1036 and 140.
28
Calculate the highest common factor of 20 and 20.
20
Calculate the greatest common divisor of 80 and 704.
16
What is the greatest common divisor of 9 and 3378?
3
Calculate the greatest common divisor of 38 and 437.
19
Calculate the highest common divisor of 378 and 238.
14
What is the greatest common factor of 1 and 1?
1
What is the greatest common divisor of 33 and 33?
33
Calculate the highest common factor of 47 and 1.
1
Calculate the greatest common factor of 189 and 10479.
21
What is the greatest common divisor of 55 and 11?
11
Calculate the highest common factor of 52 and 39.
13
What is the highest common divisor of 1 and 19?
1
Calculate the greatest common divisor of 252 and 140.
28
What is the highest common factor of 112 and 700?
28
Calculate the greatest common factor of 2226 and 21.
21
Calculate the highest common divisor of 1413 and 628.
157
Calculate the greatest common factor of 92 and 3956.
92
What is the greatest common divisor of 85 and 799?
17
What is the greatest common divisor of 55 and 3355?
55
Calculate the highest common divisor of 7 and 4487.
7
Calculate the greatest common factor of 49 and 147.
49
Calculate the greatest common factor of 286 and 494.
26
Calculate the greatest common factor of 69 and 36.
3
Calculate the highest common factor of 340 and 85.
85
What is the highest common factor of 92 and 322?
46
What is the greatest common factor of 1482 and 91?
13
What is the greatest common divisor of 561 and 363?
33
Calculate the highest common factor of 42 and 945.
21
What is the highest common divisor of 51 and 381?
3
What is the highest common factor of 434 and 126?
14
Calculate the highest common divisor of 292 and 68.
4
Calculate the highest common factor of 187 and 77.
11
What is the greatest common divisor of 272 and 136?
136
What is the greatest common factor of 250 and 6125?
125
Calculate the highest common factor of 230 and 322.
46
What is the highest common divisor of 16 and 56?
8
What is the highest common factor of 3328 and 320?
64
What is the highest common divisor of 238 and 14?
14
What is the greatest common factor of 48 and 72?
24
What is the highest common factor of 2100 and 17220?
420
What is the greatest common divisor of 1083 and 114?
57
Calculate the highest common factor of 41877 and 94.
47
Calculate the highest common divisor of 27 and 2052.
27
Calculate the highest common divisor of 7235 and 10.
5
What is the highest common divisor of 3570 and 60?
30
Calculate the highest common factor of 8088 and 48.
24
What is the greatest common divisor of 92 and 322?
46
Calculate the greatest common factor of 448 and 798.
14
Calculate the highest common factor of 1422 and 81.
9
What is the greatest common factor of 840 and 640?
40
What is the highest common divisor of 1070 and 15?
5
What is the highest common factor of 17574 and 696?
174
What is the greatest common divisor of 2750 and 66?
22
What is the greatest common divisor of 850 and 10?
10
What is the greatest common factor of 6 and 1362?
6
Calculate the greatest common divisor of 66 and 44.
22
Calculate the highest common divisor of 340 and 60.
20
What is the greatest common divisor of 26 and 91?
13
What is the highest common divisor of 158 and 74?
2
What is the highest common divisor of 28 and 1022?
14
What is the greatest common factor of 120 and 312?
24
Calculate the highest common factor of 20 and 6245.
5
Calculate the highest common divisor of 35 and 49805.
35
Calculate the highest common divisor of 779 and 19.
19
Calculate the highest common factor of 10 and 806.
2
Calculate the highest common divisor of 1 and 53.
1
What is the highest common divisor of 64 and 352?
32
What is the greatest common divisor of 172 and 1634?
86
Calculate the highest common factor of 65 and 26.
13
What is the greatest common factor of 12 and 27228?
12
Calculate the highest common factor of 28 and 133.
7
Calculate the greatest common factor of 5269 and 33.
11
What is the highest common factor of 1230 and 656?
82
Calculate the greatest common factor of 63 and 36.
9
Calculate the greatest common factor of 304 and 19.
19
What is the greatest common factor of 464 and 174?
58
Calculate the greatest common divisor of 11752 and 104.
104
Calculate the greatest common factor of 5 and 1895.
5
What is the greatest common divisor of 77 and 341?
11
What is the greatest common factor of 5 and 695?
5
What is the greatest common factor of 684 and 3477?
57
What is the highest common factor of 600 and 36?
12
What is the greatest common factor of 44 and 12?
4
Calculate the highest common divisor of 19 and 513.
19
Calculate the highest common divisor of 242 and 79618.
242
Calculate the highest common divisor of 18536 and 56.
56
Calculate the greatest common factor of 180 and 465.
15
Calculate the highest common divisor of 49 and 245.
49
What is the greatest common factor of 153 and 68?
17
Calculate the greatest common divisor of 2 and 19.
1
What is the highest common divisor of 162 and 270?
54
Calculate the greatest common divisor of 6 and 909.
3
Calculate the highest common divisor of 24 and 540.
12
What is the greatest common factor of 2 and 26?
2
What is the greatest common divisor of 345 and 276?
69
What is the greatest common factor of 75 and 195?
15
Calculate the highest common factor of 145 and 667.
29
What is the greatest common divisor of 50 and 10?
10
Calculate the highest common divisor of 1812 and 12.
12
Calculate the highest common divisor of 128 and 144.
16
What is the highest common divisor of 1331 and 11?
11
What is the greatest common factor of 3112 and 8?
8
What is the highest common divisor of 48 and 582?
6
What is the highest common divisor of 20 and 1420?
20
Calculate the greatest common divisor of 41 and 9143.
41
Calculate the greatest common factor of 40 and 256.
8
Calculate the greatest common divisor of 368 and 2852.
92
What is the greatest common factor of 32111 and 163?
163
What is the highest common divisor of 12 and 2292?
12
What is the highest common factor of 1076 and 7801?
269
Calculate the greatest common divisor of 2145 and 495.
165
Calculate the highest common divisor of 868 and 168.
28
What is the greatest common factor of 1343 and 79?
79
Calculate the greatest common factor of 224 and 14.
14
What is the greatest common factor of 376 and 8?
8
What is the greatest common factor of 102 and 1768?
34
What is the highest common divisor of 201 and 58893?
201
What is the greatest common factor of 7488 and 13?
13
Calculate the greatest common factor of 8505 and 210.
105
What is the highest common divisor of 72 and 2184?
24
What is the highest common divisor of 48 and 576?
48
What is the highest common divisor of 148 and 26788?
148
Calculate the greatest common divisor of 23 and 207.
23
What is the greatest common divisor of 121 and 31?
1
What is the highest common divisor of 2150 and 258?
86
Calculate the greatest common factor of 60 and 285.
15
What is the greatest common factor of 85 and 12444?
17
What is the greatest common divisor of 69600 and 58?
58
What is the greatest common factor of 15 and 135?
15
What is the greatest common factor of 44 and 2596?
44
What is the highest common divisor of 28 and 44?
4
Calculate the greatest common factor of 27 and 135.
27
What is the greatest common divisor of 200 and 72?
8
Calculate the highest common divisor of 399 and 228.
57
Calculate the greatest common divisor of 3813 and 93.
93
What is the greatest common factor of 12435 and 15?
15
Calculate the highest common divisor of 905 and 20.
5
What is the highest common factor of 612 and 288?
36
What is the highest common divisor of 27 and 12609?
27
What is the greatest common factor of 172 and 17372?
172
Calculate the greatest common factor of 8319 and 885.
177
Calculate the highest common divisor of 128 and 24.
8
Calculate the h